[INFO] cloning repository https://github.com/Ersikan/kernul
[INFO] running `Command { std: "git" "-c" "credential.helper=" "-c" "credential.helper=/workspace/cargo-home/bin/git-credential-null" "clone" "--bare" "https://github.com/Ersikan/kernul" "/workspace/cache/git-repos/https%3A%2F%2Fgithub.com%2FErsikan%2Fkernul", kill_on_drop: false }`
[INFO] [stderr] Cloning into bare repository '/workspace/cache/git-repos/https%3A%2F%2Fgithub.com%2FErsikan%2Fkernul'...
[INFO] running `Command { std: "git" "rev-parse" "HEAD", kill_on_drop: false }`
[INFO] [stdout] e737258eb21a759ea08441d1f5b08c16e78287b6
[INFO] checking Ersikan/kernul against try#72f88fc4e9458f89516a0b8b0868f3718aec5b47 for pr-74989
[INFO] running `Command { std: "git" "clone" "/workspace/cache/git-repos/https%3A%2F%2Fgithub.com%2FErsikan%2Fkernul" "/workspace/builds/worker-9/source", kill_on_drop: false }`
[INFO] [stderr] Cloning into '/workspace/builds/worker-9/source'...
[INFO] [stderr] done.
[INFO] validating manifest of git repo https://github.com/Ersikan/kernul on toolchain 72f88fc4e9458f89516a0b8b0868f3718aec5b47
[INFO] running `Command { std: "/workspace/cargo-home/bin/cargo" "+72f88fc4e9458f89516a0b8b0868f3718aec5b47" "read-manifest" "--manifest-path" "Cargo.toml", kill_on_drop: false }`
[INFO] removed /workspace/builds/worker-9/source/.cargo/config
[INFO] started tweaking git repo https://github.com/Ersikan/kernul
[INFO] finished tweaking git repo https://github.com/Ersikan/kernul
[INFO] tweaked toml for git repo https://github.com/Ersikan/kernul written to /workspace/builds/worker-9/source/Cargo.toml
[INFO] crate git repo https://github.com/Ersikan/kernul already has a lockfile, it will not be regenerated
[INFO] running `Command { std: "/workspace/cargo-home/bin/cargo" "+72f88fc4e9458f89516a0b8b0868f3718aec5b47" "fetch" "--locked" "--manifest-path" "Cargo.toml", kill_on_drop: false }`
[INFO] [stderr]     Blocking waiting for file lock on package cache
[INFO] [stderr]  Downloading crates ...
[INFO] [stderr]   Downloaded spin v0.5.2
[INFO] [stderr]   Downloaded bitfield v0.13.2
[INFO] [stderr]   Downloaded cc v1.0.45
[INFO] running `Command { std: "docker" "create" "-v" "/var/lib/crater-agent-workspace/builds/worker-9/target:/opt/rustwide/target:rw,Z" "-v" "/var/lib/crater-agent-workspace/builds/worker-9/source:/opt/rustwide/workdir:ro,Z" "-v" "/var/lib/crater-agent-workspace/cargo-home:/opt/rustwide/cargo-home:ro,Z" "-v" "/var/lib/crater-agent-workspace/rustup-home:/opt/rustwide/rustup-home:ro,Z" "-e" "SOURCE_DIR=/opt/rustwide/workdir" "-e" "CARGO_TARGET_DIR=/opt/rustwide/target" "-e" "CARGO_HOME=/opt/rustwide/cargo-home" "-e" "RUSTUP_HOME=/opt/rustwide/rustup-home" "-w" "/opt/rustwide/workdir" "-m" "1610612736" "--user" "0:0" "--network" "none" "rustops/crates-build-env@sha256:d92eaeed33fa75130ca1ee6c8a01d1ffb62bac859dfdfb3450e3e5d1c0146529" "/opt/rustwide/cargo-home/bin/cargo" "+72f88fc4e9458f89516a0b8b0868f3718aec5b47" "metadata" "--no-deps" "--format-version=1", kill_on_drop: false }`
[INFO] [stderr] WARNING: Your kernel does not support swap limit capabilities or the cgroup is not mounted. Memory limited without swap.
[INFO] [stdout] 00ec67e4480dac9d241728ba77bd337322b4e11f0d0a29e48cf6dcffa0a47e8d
[INFO] running `Command { std: "docker" "start" "-a" "00ec67e4480dac9d241728ba77bd337322b4e11f0d0a29e48cf6dcffa0a47e8d", kill_on_drop: false }`
[INFO] running `Command { std: "docker" "inspect" "00ec67e4480dac9d241728ba77bd337322b4e11f0d0a29e48cf6dcffa0a47e8d", kill_on_drop: false }`
[INFO] running `Command { std: "docker" "rm" "-f" "00ec67e4480dac9d241728ba77bd337322b4e11f0d0a29e48cf6dcffa0a47e8d", kill_on_drop: false }`
[INFO] [stdout] 00ec67e4480dac9d241728ba77bd337322b4e11f0d0a29e48cf6dcffa0a47e8d
[INFO] running `Command { std: "docker" "create" "-v" "/var/lib/crater-agent-workspace/builds/worker-9/target:/opt/rustwide/target:rw,Z" "-v" "/var/lib/crater-agent-workspace/builds/worker-9/source:/opt/rustwide/workdir:ro,Z" "-v" "/var/lib/crater-agent-workspace/cargo-home:/opt/rustwide/cargo-home:ro,Z" "-v" "/var/lib/crater-agent-workspace/rustup-home:/opt/rustwide/rustup-home:ro,Z" "-e" "SOURCE_DIR=/opt/rustwide/workdir" "-e" "CARGO_TARGET_DIR=/opt/rustwide/target" "-e" "CARGO_INCREMENTAL=0" "-e" "RUST_BACKTRACE=full" "-e" "RUSTFLAGS=--cap-lints=forbid" "-e" "CARGO_HOME=/opt/rustwide/cargo-home" "-e" "RUSTUP_HOME=/opt/rustwide/rustup-home" "-w" "/opt/rustwide/workdir" "-m" "1610612736" "--user" "0:0" "--network" "none" "rustops/crates-build-env@sha256:d92eaeed33fa75130ca1ee6c8a01d1ffb62bac859dfdfb3450e3e5d1c0146529" "/opt/rustwide/cargo-home/bin/cargo" "+72f88fc4e9458f89516a0b8b0868f3718aec5b47" "check" "--frozen" "--all" "--all-targets" "--message-format=json", kill_on_drop: false }`
[INFO] [stderr] WARNING: Your kernel does not support swap limit capabilities or the cgroup is not mounted. Memory limited without swap.
[INFO] [stdout] 6a5050b34147ec82f8939af5e0fe67ec47e3221d724675be049a64088bc20baf
[INFO] running `Command { std: "docker" "start" "-a" "6a5050b34147ec82f8939af5e0fe67ec47e3221d724675be049a64088bc20baf", kill_on_drop: false }`
[INFO] [stderr]     Blocking waiting for file lock on package cache
[INFO] [stderr]    Compiling bitflags v1.1.0
[INFO] [stderr]     Checking spin v0.5.2
[INFO] [stderr]     Checking bitfield v0.13.2
[INFO] [stderr]    Compiling kernul v0.1.0 (/opt/rustwide/workdir)
[INFO] [stderr]     Checking lazy_static v1.4.0
[INFO] [stdout] error[E0152]: found duplicate lang item `panic_impl`
[INFO] [stdout]   --> src/main.rs:25:1
[INFO] [stdout]    |
[INFO] [stdout] 25 | fn panic(info: &PanicInfo) -> ! {
[INFO] [stdout]    | ^^^^^^^^^^^^^^^^^^^^^^^^^^^^^^^
[INFO] [stdout]    |
[INFO] [stdout]    = note: the lang item is first defined in crate `std` (which `test` depends on)
[INFO] [stdout]    = note: first definition in `std` loaded from /opt/rustwide/rustup-home/toolchains/72f88fc4e9458f89516a0b8b0868f3718aec5b47/lib/rustlib/x86_64-unknown-linux-gnu/lib/libstd-faa3fd6c69b73b7d.rlib
[INFO] [stdout]    = note: second definition in the local crate (`kernul`)
[INFO] [stdout] 
[INFO] [stdout] 
[INFO] [stdout] warning: unused variable: `selector`
[INFO] [stdout]   --> src/interrupts/idt.rs:46:23
[INFO] [stdout]    |
[INFO] [stdout] 46 |     fn new(base: u32, selector: u8, gate_type: GateType, privilege: u8) -> IdtEntry {
[INFO] [stdout]    |                       ^^^^^^^^ help: if this is intentional, prefix it with an underscore: `_selector`
[INFO] [stdout]    |
[INFO] [stdout]    = note: `#[warn(unused_variables)]` on by default
[INFO] [stdout] 
[INFO] [stdout] 
[INFO] [stdout] error[E0503]: cannot use `self.buffer[_]` because it was mutably borrowed
[INFO] [stdout]    --> src/vga_driver.rs:127:49
[INFO] [stdout]     |
[INFO] [stdout] 127 |                 self.buffer[line][column].write(self.buffer[line + 1][column].read());
[INFO] [stdout]     |                 -----------------         ----- ^^^^^^^^^^^^^^^^^^^^^^^^^^^^^ use of borrowed `self.buffer[_]`
[INFO] [stdout]     |                 |                         |
[INFO] [stdout]     |                 |                         borrow later used by call
[INFO] [stdout]     |                 borrow of `self.buffer[_]` occurs here
[INFO] [stdout] 
[INFO] [stdout] 
[INFO] [stdout] error[E0502]: cannot borrow `self.buffer[_][_]` as immutable because it is also borrowed as mutable
[INFO] [stdout]    --> src/vga_driver.rs:127:49
[INFO] [stdout]     |
[INFO] [stdout] 127 |                 self.buffer[line][column].write(self.buffer[line + 1][column].read());
[INFO] [stdout]     |                 -----------------         ----- ^^^^^^^^^^^^^^^^^^^^^^^^^^^^^ immutable borrow occurs here
[INFO] [stdout]     |                 |                         |
[INFO] [stdout]     |                 |                         mutable borrow later used by call
[INFO] [stdout]     |                 mutable borrow occurs here
[INFO] [stdout] 
[INFO] [stdout] 
[INFO] [stdout] error: aborting due to 2 previous errors; 1 warning emitted
[INFO] [stdout] 
[INFO] [stdout] 
[INFO] [stdout] Some errors have detailed explanations: E0502, E0503.
[INFO] [stdout] 
[INFO] [stdout] For more information about an error, try `rustc --explain E0502`.
[INFO] [stdout] 
[INFO] [stderr] error: could not compile `kernul`.
[INFO] [stderr] 
[INFO] [stderr] To learn more, run the command again with --verbose.
[INFO] [stderr] warning: build failed, waiting for other jobs to finish...
[INFO] [stdout] error: aborting due to previous error
[INFO] [stdout] 
[INFO] [stdout] 
[INFO] [stdout] For more information about this error, try `rustc --explain E0152`.
[INFO] [stdout] 
[INFO] [stderr] error: build failed
[INFO] running `Command { std: "docker" "inspect" "6a5050b34147ec82f8939af5e0fe67ec47e3221d724675be049a64088bc20baf", kill_on_drop: false }`
[INFO] running `Command { std: "docker" "rm" "-f" "6a5050b34147ec82f8939af5e0fe67ec47e3221d724675be049a64088bc20baf", kill_on_drop: false }`
[INFO] [stdout] 6a5050b34147ec82f8939af5e0fe67ec47e3221d724675be049a64088bc20baf
